) + 1 + (-6)/(-4)?
4
Let y = 323 - -5. Let x = y + -197. What is the tens digit of x?
3
Suppose -3*n + 5*d - 9013 = -5*n, 0 = -n - 2*d + 4504. What is the units digit of n?
4
What is the tens digit of (486 + 14)*(-10)/(-8)?
2
Let y(a) = a + 3*a**2 - a**2 + 8 - 3*a**2 + 6. Suppose 0 = -0*o + o. What is the units digit of y(o)?
4
Let p = 540 + -121. Suppose 3*j - n - p = 0, -186 + 41 = -j - n. What is the hundreds digit of j?
1
What is the tens digit of 1092/35*-4*(-15)/24?
7
Let o = -20 + 81. Let g = 96 - o. What is the tens digit of g?
3
Let d(i) = 10*i**2 - 15*i + 5. Let z be d(3). What is the hundreds digit of (z - 4)*5/(-6)*-3?
1
Suppose -3*l - 118 = 3*p - l, -4*p + 2*l = 176. Let w = 32 + p. Let h(c) = -5*c + 15. What is the tens digit of h(w)?
6
Suppose -5*b = -25, 3*a + 6*b = 4*b + 145. What is the tens digit of 300/a*(2*2 - 1)?
2
Let i be 0*2/4 - 0. Suppose i = n - a - a - 94, n + a - 106 = 0. What is the hundreds digit of n?
1
Let y(i) be the third derivative of i**5/20 + i**4/12 + i**3/2 - 4*i**2 + 7. Let v(w) = -2*w + 2. Let x be v(2). What is the tens digit of y(x)?
1
Let q(v) = -v - 10. Let s be q(-14). Suppose 58 = -5*d - k + 193, -s*d = -2*k - 94. What is the units digit of d?
6
Let f = 5 - 0. Suppose 0 = 2*m + o + 4*o - 172, f*o + 71 = m. What is the units digit of m?
1
Suppose -4*y + 4 = 0, 42*t = 45*t + 5*y - 2507. What is the units digit of t?
4
Suppose 3*b + x = 6*b - 1003, -2*b + 5*x + 660 = 0. What is the hundreds digit of b?
3
Let l(o) = 2*o**2 + 43*o - 26. Let c be l(-22). Suppose 0 = -5*t + 9 + 16. What is the tens digit of ((-4)/(-4) - c)*t?
2
Let x be (3/4 + -2)*-4. Let n = x - 0. Suppose 0 = -n*y + 3*s + 95 + 16, -2*s = -4*y + 88. What is the tens digit of y?
2
Let r(s) = s - 2. Let v be r(6). Let z(l) = 17*l + v - 18*l + 5. What is the tens digit of z(-9)?
1
Suppose -3*j - 40 = -a, 0 = -3*a + 2*j + 76 + 58. Suppose -4*h + 4 = -2*h. What is the tens digit of (-5 + 6)/(h/a)?
2
Let r be 2/8 + (-22)/(-8). Suppose 7*x = 191 + 173. Suppose -7*d + 2*d = -s + 16, -r*d = 5*s - x. What is the tens digit of s?
1
Let t(b) = 2*b**2 + 18*b + 34. What is the hundreds digit of t(-17)?
3
Suppose 3*l - 4*l = 37. Let h = -47 - l. What is the tens digit of (2 - 22/4)*h?
3
Let b = -1173 + 2101. What is the tens digit of b?
2
Let j be (1/(-2))/((-3)/1248). Let t = j + -114. What is the tens digit of t?
9
Let q(d) = d**3 + 14*d**2 - 4*d - 15. Let t be q(-14). Suppose t*z - 42*z + 112 = 0. What is the tens digit of z?
1
Suppose b + s = -b + 11121, 5*s - 22245 = -4*b. What is the tens digit of 2/12 - b/(-48)?
1
Let k(l) = 34*l**2 - 4*l + 1. Let d be k(-3). Suppose b - y = -b + d, 2*y + 797 = 5*b. What is the hundreds digit of b?
1
Suppose -9 = -4*g + 11, -2*g = 5*x - 35. Suppose 2*h - 2 = 20. Suppose -h = -x*c + 44. What is the tens digit of c?
1
Suppose 0 = 31*b - 51*b + 51920. What is the hundreds digit of b?
5
Let f = -336 - -495. Suppose -f = -7*y + 65. What is the units digit of y?
2
Let z = 5454 + -1709. What is the thousands digit of z?
3
Suppose 2*u - 38 = 50. Let q be (-1335)/(-6)*(-8)/(-10). What is the tens digit of (-8)/u - q/(-11)?
1
Let p(v) = 2*v**2 + 7*v - 1. Let u be (1 - 2)/(3/18). What is the tens digit of p(u)?
2
Suppose -5*l + 0*o - 2*o = -5405, 3229 = 3*l + 4*o. What is the units digit of l?
3
Let z = 23 - 21. Suppose 505 = z*r + 3*r. Suppose r = 4*i - 35. What is the units digit of i?
4
Let q(k) = -k**2 + k + 77. Let u be q(0). Let b = -15 - -1. What is the tens digit of (u/b)/((-1)/2)?
1
Let v = -536 - -4964. What is the thousands digit of v?
4
Suppose 3*v - 472 - 899 = 0. What is the hundreds digit of v?
4
Suppose 0*r = -2*r + 6, -3*r + 372 = 3*x. What is the hundreds digit of x?
1
What is the units digit of (-93)/(-26)*184 + 4/(-26)?
8
Let c(w) = -14*w - 2. Let q be c(-9). Suppose -q - 28 = -4*j. Let u = -5 + j. What is the units digit of u?
3
Suppose -a = a - 56. Suppose a*x - 30*x + 20 = 0. What is the units digit of 22/(1 + (-5)/x)?
4
Let o(g) = -3*g - g + 4*g - g - 351*g**2. Let s be o(1). What is the tens digit of (s/56)/(4/(-14))?
2
Suppose -3*u - 103 = 2*n, -124 = n + n - 4*u. Let p be -3*n/(-36)*-3. Let i = -9 + p. What is the units digit of i?
5
Suppose 0 = 5*a + 4*p + 8, a + 14 = 5*p - 5. Let v(h) be the first derivative of h**4/4 + 3*h**3 + 7*h**2/2 + 6*h + 1. What is the tens digit of v(a)?
5
Let t = -93 - -99. What is the tens digit of 1 - ((-108)/t)/(2/20)?
8
What is the tens digit of ((-48)/30)/(6/(-3345))?
9
Let k be 3 - -1 - (-4 + 5). Suppose -17 = 5*q + 2*o, k*o + 0 = -5*q - 18. What is the units digit of (q/(-3))/(1/28)?
8
Suppose -2*f = -4*t + 2974, 3690 = -t + 6*t + 3*f. What is the units digit of t?
1
Suppose -3*t = -w + 3212, 30*w - 16098 = 25*w - 4*t. What is the thousands digit of w?
3
Let z = -180 + 94. Let i = z + 227. What is the hundreds digit of i?
1
Suppose -2*d = 2*v - 636, 3 = v - 0. What is the units digit of d?
5
What is the tens digit of 1414 + 15/(-5) + (-25)/(-5)?
1
What is the units digit of 626 - 24/(7 + -4)?
8
Suppose -4*x - 4*r = -9*r, -5*x + 17 = -2*r. Let t = x + -1. What is the units digit of (t + (1 - 3))*22?
4
Suppose 2*d + 128 = -6*d. Let z = 48 - d. What is the tens digit of z?
6
Let s be 35 + 5/((-5)/3). What is the units digit of 15/(-10)*s/(-6)?
8
Let n(l) = l**2 + 2*l - 5. Let k be n(-4). Suppose k*f + f = -3*w + 4379, -5*f + 5473 = 3*w. What is the units digit of f/14 + 8/(-56)?
8
What is the hundreds digit of (10/14)/((-29)/(-196301))?
8
Let u(w) = -w + 2. Let y be u(2). Let r = 24 - 19. Suppose -n + r = -y. What is the units digit of n?
5
Suppose 0 = -5*u + 4*u + 28. Let i = -1 - 11. Let l = i + u. What is the tens digit of l?
1
Suppose 0 = -4*w + v + 2612, -3*w + 1982 = -2*v + 7*v. What is the units digit of w?
4
Suppose 0 = -2*r - 4*r - 84. What is the tens digit of (-4)/r + (-48)/21 + 75?
7
Let s = -8 + 22. Let m be (-4)/s - (-4)/14. Suppose 2*t + 11 - 85 = m. What is the units digit of t?
7
Let f(u) = -8*u**2 + 6*u + 12. Let x be f(-8). What is the tens digit of (-16)/20 - (1 - x/(-10))?
5
Let x be (-2)/11 - (2658/22)/1. Let p = x + 281. What is the units digit of p?
0
Let l(w) = w**3 + 28*w**2 - 141*w + 30. What is the hundreds digit of l(-26)?
0
Let w be (11/33)/((-1)/(-12)). Suppose 7*q = 3*x + w*q - 771, 0 = 3*q. What is the units digit of x?
7
Let y = 1091 - 431. What is the units digit of y?
0
Let c(f) be the second derivative of 7*f**3/6 + f**2 + 10*f. What is the tens digit of c(4)?
3
Suppose -4*t + 4*c = -68, t = -2*c + 6*c + 23. Suppose 3*k - 4*f - 199 = 0, 0 = -0*f + 3*f - t. What is the units digit of k?
3
Let f(q) = -q**3 + 11*q**2 + 12*q - 1. Let l be f(12). Let z be (12/(-3) - 1)/l. Suppose -z*t - 83 = 4*k - 6*k, -37 = -k + t. What is the tens digit of k?
3
Let t(l) = 901*l - 62. What is the hundreds digit of t(2)?
7
Let k(p) = 14*p + 7. Suppose 0 = 3*t - 2*t + 8. Let f be k(t). What is the units digit of (f/(-25))/(2/10)?
1
Let p(q) be the second derivative of 1/2*q**3 - 9*q - 3/2*q**2 + 5/12*q**4 + 0. What is the units digit of p(2)?
3
Let k(b) = 25*b**2 - 91*b - 1151. What is the tens digit of k(-12)?
4
What is the tens digit of (-158)/(13/((-78)/12))?
7
Suppose -f = -5*f + 4, 3*v + 2*f = 185. Suppose -v*w = -59*w - 184. What is the units digit of w?
2
Let i be (-3)/9*45/(-3) - 3. Let y = 20 + 0. Suppose m + 3*r = 79 - y, -4*r + 116 = i*m. What is the tens digit of m?
5
Let m be (-1)/(-3 - 233/(-78)). Let z be -4 + 2 + 6/3. Suppose 3*t = -0*t + 3*x + m, 5*x - 25 = z. What is the tens digit of t?
3
Let y(c) = -3 + 3*c + 2*c - c. Let i be 3/5*(7 + (-3)/(-1)). What is the units digit of y(i)?
1
Suppose -29*s - 50 = -30*s. What is the units digit of s?
0
Let h be ((-6)/3)/(10/(-25)). Suppose 4*m - 432 = -h*m. What is the units digit of m?
8
What is the thousands digit of (-2 - 5)*6/7 + 3781?
3
Let z = -36 - -56. Let g = z + 2. What is the tens digit of g?
2
Let g(i) be the third derivative of 2/3*i**4 - 1/60*i**5 + 11/6*i**3 + 0*i - 11*i**2 + 0. What is the tens digit of g(13)?
5
Suppose 6*a - 1063 - 1517 = 0. What is the hundreds digit of a?
4
Let u(d) = 6*d - d**3 - 8 + 20 - 4*d. What is the tens digit of u(0)?
1
Let j = 28 + -25. Suppose 4*o - 482 = 2*m, 0 = j*o + 2*m + m - 384. What is the hundreds digit of o?
1
What is the units dig